 v(g) = -4 + 0 + 3*g**2 + 2*g**2 - 5*g - 10*g**2 - g**3. Suppose 0 = 6*k - 2*k + 12. Give v(k).
-7
Let x(g) = 2*g**3 + 37*g**2 + 12*g - 15. Let w be x(-18). Suppose 9*v = w - 21. Let j(u) = -u**2 + 9*u - 7. Calculate j(v).
1
Let j(q) = q**3 - 2*q**2 + 8*q. Let m(k) be the third derivative of -k**6/60 + k**5/12 - 5*k**4/8 + k**3/6 - k**2 - 4. Let l(a) = 5*j(a) + 3*m(a). Give l(4).
-1
Let h(i) be the first derivative of -1/2*i**2 + 5*i - 16. Let l be (-8)/44 + 68/11. What is h(l)?
-1
Let d be (3 - -4)/(2/(-8)). Let h = d - -35. Suppose -5*v - h = -12. Let m(a) = -a. Determine m(v).
-1
Let u = 25817 - 25819. Let y(m) = -2*m**2 + 77*m + 160. Determine y(u).
-2
Suppose -8*s + 7*s = -2*g + 19, 2*g = 2*s + 32. Let h(v) = 4*v**2 + 52*v + 3. Calculate h(s).
3
Let i(o) = -o**3 + 16*o**2 + 390*o - 1514. Let c be i(28). Let m(g) = -7*g**2 - 4*g + 9. Let k(j) = j**2 + j - 1. Let u(q) = 6*k(q) + m(q). Determine u(c).
-5
Let q(h) = -8*h + 0*h**2 + 7 + 2*h**2 + 3*h**3 - 2*h**3. Let r be q(-4). Suppose -3*o = -r + 4. Let k(x) = 3*x - 1. Calculate k(o).
2
Let y(d) = -4*d + 11. Suppose 624 - 348 = 6*g. Suppose g - 11 = 7*i. Determine y(i).
-9
Let q(f) = 4*f + 1. Let h(m) = -20*m**2 + 8*m**2 - 25*m + 2*m**2 - 112 + 9*m**2. Let t be h(-6). What is q(t)?
9
Let t(y) be the first derivative of -y**6/120 + y**5/6 - 3*y**4/8 - 5*y**3/3 - 83*y**2 - 101. Let s(f) be the second derivative of t(f). Calculate s(9).
-10
Let h(p) be the first derivative of p**3/3 - 5*p**2/2 - p + 215. Let i(k) = -k - 2. Let l be i(-8). Give h(l).
5
Let g(v) = -13*v + 1. Suppose -5*z + 118 = -3*y - 50, 5*z - 4*y = 169. Suppose -z = 4*n + 27. Let r be 3/(-15) - (-3 + (-57)/n). Calculate g(r).
14
Let y(q) be the first derivative of q**4/4 + 14*q**3/3 + 7*q**2 - 21*q + 252. What is y(-13)?
-34
Let y(r) = 12 - 3 + 1 + r**3 - 15*r**2 + 13*r. Let b = 24 + -10. What is y(b)?
-4
Let f(y) be the third derivative of -y**5/60 - 11*y**4/12 - 10*y**3 - 12917*y**2. Determine f(-15).
45
Let i(r) = 12*r + 14. Let p be i(-1). Let t(b) = -18*b + 88*b - 21*b + p - 35*b. Calculate t(-2).
-26
Suppose 0 = 5*n + 4*v - 26, -3*v + 18 = 5*n - v. Let w(r) = -216*r - 223*r - 1 - n*r**2 + 437*r. What is w(-2)?
-5
Let l(s) = 869 - 3*s - 2*s**2 - 864 - 2*s - s - 4*s. Give l(4).
-67
Let d(f) = -2*f + 69. Let j(c) = -5*c + 210. Let z(h) = 7*d(h) - 2*j(h). Let b be z(17). Let q(v) = -v**3 - 6*v**2 - 4*v + 1. Give q(b).
-4
Let t(c) = -c**3 - 6*c**2 - 5*c + 4. Let b be t(-5). Let p(j) be the second derivative of 23*j + 1/6*j**3 + 1/2*j**2 + 0. Calculate p(b).
5
Let r(l) = -72*l - 9. Let v(g) = 524*g + 61. Let c(z) = -15*r(z) - 2*v(z). Calculate c(-2).
-51
Let y(a) = 5*a**3 - 2*a**2 + 32*a - 14. Let m(t) = t**3 + 6*t - 2. Let x(l) = -6*m(l) + y(l). Calculate x(-3).
19
Let g(f) be the second derivative of f**5/20 - 7*f**4/12 - f**3 - 5*f**2/2 - 4*f - 151. Let r be 1/(-4) + (-3)/4. Let w be (r - -3) + (5 - -1). Calculate g(w).
11
Let y(w) be the first derivative of w**2/2 - w - 5. Let c be 32*(-3)/(-54) + (-26)/(-117). Calculate y(c).
1
Suppose -8*r = -1748 + 1756. Let x(z) = -26*z**3 - z - 1. Determine x(r).
26
Let v(p) = -p**3 + 12*p**2 + 5*p - 20. Let s be v(11). Let w = s - 114. Suppose 5*j - 37 = -w. Let i(a) = -4*a**2. Determine i(j).
-4
Suppose 0 = -42*s + 38 + 46. Let k(n) = 488 - 973 + 486 - s*n**2. Suppose 0 = 5*g - 2 - 3. Determine k(g).
-1
Let c(n) be the second derivative of 13*n**3/6 + 39*n**2/2 + 3809*n. Give c(-4).
-13
Suppose 0 = 11*o - 90 - 97. Suppose 0 = o*r + 8 + 60. Let u(v) = v**3 + 4*v**2 + v - 2. What is u(r)?
-6
Let v(m) be the first derivative of -20*m**3/3 + m**2/2 + 2*m + 1. Suppose 254*s + 290 = -113*s + 77*s. Determine v(s).
-19
Suppose 0 = 5*j - 434 + 514. Let m be 4 + 58/j - (-95)/(-40). Let s(t) = -3*t**2 - 2*t - 1. What is s(m)?
-9
Let s(r) = 9*r**2 + 8*r + 2. Let f be s(-4). Let h = -121 + f. Let p(z) = z**2 + 3*z + 6 + 0 + 5*z. Give p(h).
-1
Let j(p) = 11*p + 22. Let a(t) = 23*t + 53. Let y(r) = 3*a(r) - 7*j(r). Let w be (-2)/8 + 34/8. Determine y(w).
-27
Let x = 45 - 45. Suppose 3*z - 9 = 4*u + 6, x = 4*u. Let k be (5 + 0)*(-6 + z). Let i(b) = -3*b - 4. Calculate i(k).
11
Let h(c) be the first derivative of -2*c**2 - 34*c + 1129. Give h(-5).
-14
Let n(r) = -r**2 - 16*r - 25. Suppose -1291 = 14*u + 95*u - 201. Determine n(u).
35
Let i(v) be the second derivative of v**5/10 - v**4/4 - v**3/3 + 2373*v. Give i(3).
21
Let c(s) = s**2 + 11*s + 7. Let z(v) be the third derivative of v**4/24 + v**3/6 - 420*v**2. Let k = -4 + 3. Let x(y) = k*c(y) + 5*z(y). What is x(-4)?
6
Let d(q) = q**3 + 3*q**2 - 4*q + 3. Let z be d(-4). Suppose -9*w = -z*w. Let h(l) = 3002*l**2 - 3003*l**2 - 7 + 14 - l. Calculate h(w).
7
Suppose 12*t - 24 = 8*t. Suppose 72 = -t*o + 7*o. Let c(h) = -143*h**3 + 1 + h**2 + 70*h**3 - h + o*h**3. Give c(1).
0
Let n(g) = -312 + 531 - 288 - g**2 + 159*g - 142*g. Calculate n(10).
1
Suppose 5*b - 299 = -269. Suppose w + b = -q, 2*w - q = 3*q + 18. Let r(c) = c - 7 + 5 + 3. Calculate r(w).
0
Let g(s) = -2*s**2 - 11*s - 25. Let u(h) = -h**2 - 3*h - 12. Let q(j) = -2*g(j) + 5*u(j). Calculate q(4).
2
Suppose -14*d - 147 = 81 - 312. Let x(h) be the third derivative of -5/6*h**3 - 1/60*h**5 + 0*h - 1/24*h**4 + 0 - 1/120*h**d + 11*h**2. What is x(0)?
-5
Let w(l) = -26 - 75*l - l**2 + 6 + 79*l. Give w(5).
-25
Let r(l) be the third derivative of l**7/2520 - l**5/24 - l**4/24 + l**2. Let c(b) be the second derivative of r(b). Let j = 2170 + -2166. Determine c(j).
11
Suppose 2*g = 8*x - 5*x + 10, 4*x + 3*g - 15 = 0. Suppose -277*w + 269*w = x. Let f(b) = 8 + 5 - 6 - b. Calculate f(w).
7
Let g(j) be the first derivative of 5*j**2/2 + 17*j - 2978. What is g(-4)?
-3
Let y(n) = n**2 + 7*n + 7. Let s be (4*3/4 - 3) + 430. Let j = s + -434. Determine y(j).
-5
Let x(c) = -2*c**2 - 10*c - 11. Let z(o) = 5*o**2 + 21*o + 22. Let i(n) = -7*x(n) - 3*z(n). What is i(8)?
3
Let y(f) = 11*f**3 + 65*f**2 - 16*f**3 + 0 - 64*f**2 + 1. Let m = -80 - -78. Calculate y(m).
45
Let a(c) = 2158*c - 2167*c + 5 - 7. Let l be 2 + 5 + (-6)/2. Calculate a(l).
-38
Let x(m) = -m - 7. Suppose -b = 2*q + 5, 0*b - 5 = -4*q + b. Let g = q - -19. Suppose -15*h + g*h + 16 = 0. Calculate x(h).
-3
Suppose -s + 3*s = 16. Let h(n) = -n**3 + 9*n**2 - 20*n + 11. Let p be h(s). Let f be 312/(-51) + (-10)/p. Let k(i) = -i**2 - 7*i - 1. Calculate k(f).
5
Let v(q) = 5*q - 8. Suppose l = -3*n + 15, -13*l = -4*l + 2*n - 60. Give v(l).
22
Suppose -k = -5*k - 16, -3*y + 36 = -3*k. Let d(j) = -7*j**2 + 12*j + 26. Let z(g) = 3*g**2 - 6*g - 13. Let u(w) = 2*d(w) + 5*z(w). Give u(y).
3
Let h(b) = -b**2 + 113*b + 51. Let k(l) = 7*l**2 - 836*l - 357. Let t(w) = 15*h(w) + 2*k(w). What is t(26)?
-27
Let i(h) = -h**2 - 5*h + 2. Let r be i(-5). Suppose 0 = r*b + 2*b - 4. Let a(m) = -988 + 1898 + m**2 - m**3 - 910. Determine a(b).
0
Let z be 1*(-2)/14 - 4370/133. Let y be (6/z - 246/(-22)) + -2. Let m(t) = 18 + 2*t - 10 - y. Determine m(1).
1
Let w(g) be the second derivative of -2*g**3/3 - 37*g**2/2 - 26*g - 13. Calculate w(-4).
-21
Let n be 1 + 1 + -17 - (-272)/34. Let g(d) = -5*d - 41. Determine g(n).
-6
Let l(g) = g**3 + 12*g**2 + 13*g + 10. Let n(s) = -s + 22. Let o be n(6). Let c(y) = -y**3 + 16*y**2 + 2*y - 43. Let q be c(o). What is l(q)?
-12
Suppose 0 = 1458*g - 1463*g - 3*j + 31, -17 = 2*g - 3*j. Let l(k) = 4*k**3 - 7*k**2 + 2*k + 5. Calculate l(g).
13
Let o(b) = 8*b + 235. Let p be o(-26). Let c be 2/(-6) - (-12 + 3)/p. Let n(i) = i - 2. Determine n(c).
-2
Let k be 3 - -2 - (-3)/((-18)/(-174)). Let s(j) = 14*j - 467. Give s(k).
9
Let c be 5 - ((-3 - -4) + 2). Let o(n) = 2*n + 1 - n**c - 4 + 0 - 10*n. Suppose 0 = 6*a + 16 + 8. Calculate o(a).
13
Let r(f) = 5*f**2 - 42 + 70 - 39 - f - 4*f**2. Determine r(-4).
9
Let x(k) be the first derivative of -k**3/3 - 11*k**2/2 - 7*k - 17. Let d be x(-10). Let f(w) = 6*w**2 + w - d*w + 657 - 657. Calculate f(2).
20
Let v(y) = 44*y + 699. Let z be 1 + (-639)/36 - (25/20 + -2). Determine v(z).
-5
Suppose -3*i = -6 - 0. Let k(n) = -6*n**2 + 4 + 2*n**3 - n**3 + 7*n**i - 5*n + n. Let b be k(2). Let z(j) = -j**2 + 5*j + 9. What is z(b)?
-15
Let w(a) be the first derivative of -3*a**4/4 + a**3/3 + 4900. Let h(o) = -o**2 + 5*o + 5. Let g be h(5). Suppose g*s = 2*s + 6. Give w(s).
-20
Let u(f) = -f**3 - 15*f**2 - 8. Let h